-2) - -1. Calculate u(f).
-9
Suppose -17 - 28 = -15*j. Let t(o) = -o**3 + 2*o**2 + 3*o + 3. Determine t(j).
3
Let s(v) be the first derivative of -v**2/2 + 40. Calculate s(2).
-2
Let s be 21/(-15) - 14/(-35). Let g(t) = -2*t**3 - 2*t**2 - 2*t - 1. Give g(s).
1
Suppose 2 = 464*t - 466*t. Let d(a) = -1 + 0*a - 9*a**2 + 2*a - 3*a. Give d(t).
-9
Let h(c) = -c**3 + c**2 + 4*c. Let y be -5*5/(75/(-9)). Give h(y).
-6
Let o(g) = g**2 + 5*g + 2*g + 2 - 3*g. Suppose 9*x + 1 = -44. What is o(x)?
7
Suppose -6 = -4*f + 2. Suppose f = 2*u, -5*w + 4*u = -2*w - 8. Let z(c) = c + 3 - 4*c - w. Calculate z(2).
-7
Let f(i) = -i**3 - 5*i**2 - i. Suppose 0 = 2*q + q + 15. What is f(q)?
5
Suppose c - n = 0, c - n = -3*c - 3. Suppose -v + 7 = 5. Let g(r) = -r + 2*r**3 - 2*r**v + 2*r**3 - 7*r**3. Calculate g(c).
2
Suppose -4*i - 5 + 1 = 0. Let q(d) = d**3 + 7*d**2 + 7*d + 8. Let w be q(-6). Let u = i + w. Let n(g) = -g**2 - g + 1. What is n(u)?
-1
Let f(r) be the second derivative of -7/6*r**3 - 1/4*r**4 + 1/20*r**5 - 4*r + 0 + 5/2*r**2. Calculate f(4).
-7
Let d(a) = -a**3 - 6*a**2 - 3*a + 3. Suppose 0 = -0*r - 3*r - i - 10, -5*r - 15 = 2*i. Let m be d(r). Let w(t) = t + 9. Determine w(m).
2
Let m(h) = -h**3 + h**2 + h + 1. Let b(x) = 7*x**3 - 10*x**2 - 12*x - 10. Let t(f) = -b(f) - 6*m(f). What is t(5)?
9
Let n(m) = -21*m - m**2 + 20*m + 0*m**2 - 1. Let g = -28 - -27. Calculate n(g).
-1
Let r(f) = 19*f + 51. Let y be r(-3). Let x(a) = -a**3 - 7*a**2 - 8*a - 5. Give x(y).
7
Let z(b) = -b**2 + b - 1. Let t be 2/7 + (-368)/14. Let d = 24 + t. What is z(d)?
-7
Let g(b) = -3*b + 1. Suppose -9 = 4*i - 7*i. Suppose 2*k - i*y = -0*y - 9, -4*k = 4*y - 32. What is g(k)?
-8
Let a(l) = l**2 - 2*l + 4. Let i be 88/28 - (-2)/(-14). What is a(i)?
7
Let y(k) = -4*k - 12. Let l(j) = 1. Let w(r) = -3*r - 2. Let p(m) = -6*l(m) + w(m). Let a be -10 - (-4 + (-2)/(-2)). Let v(i) = a*p(i) + 5*y(i). Calculate v(4).
0
Let b be 1*6 - 0/(-8). Let z(k) = -b*k**2 + 4*k + 3*k**3 - k**3 - k**3 - 1. Give z(5).
-6
Let l(i) = 16*i**2 + 11*i**2 + 1 + 2*i - 28*i**2 + 6*i**2. Give l(-1).
4
Let h(z) = -z**3 - 6*z**2 + 7*z - 4. Suppose 3*n + 4*m = -0*n - 29, 4*m - 13 = 3*n. Calculate h(n).
-4
Let v(w) = 4 - 3 - 2*w + 0 - 2. Give v(-5).
9
Let n(k) = 204 - 3*k + k - 206. Calculate n(2).
-6
Suppose 4*p + 5*b - 4 = 5*p, 24 = 5*p - 3*b. Let c(f) = 4*f - 7. Give c(p).
17
Let h(p) be the second derivative of p**5/20 - p**4/2 + 7*p**2/2 + 4*p. Determine h(6).
7
Let m = -354 - -358. Let j(t) = -3*t**2 + 6*t - 2. Let v(r) = 4*r**2 - 6*r + 1. Let l(i) = 3*j(i) + 2*v(i). What is l(m)?
4
Let a(z) = -z**3 + 5*z**2 - 6*z + 6. Let p = 9 - 5. Let t be a(p). Let l(w) = -2*w - 3. Give l(t).
1
Let r(f) = f. Let g(l) = l - 2. Let x(m) = g(m) - 2*r(m). What is x(-4)?
2
Let k(r) be the second derivative of r**5/20 - r**4/4 - r**3/2 - 5*r**2/2 - 4*r. Let f(p) = -3*p - 2. Let s be f(-2). Determine k(s).
-1
Let b(f) be the second derivative of 1/12*f**4 - 5*f + 5/2*f**2 + 0*f**3 + 0. Determine b(0).
5
Let o = 0 + -3. Let s be -1*(o + -1 - -1). Let t(m) = -m**2 + 5*m - 4. What is t(s)?
2
Let q(p) = 3*p**2 + 2*p - 2. Let u(s) = s. Let w be u(-2). Give q(w).
6
Let x be (-1*1)/(4/(-88)). Suppose 4*d - 17 = -w, w + 3*d = -2*d + x. Let y be (-1)/w + 16/6. Let z(k) = k - 6. Calculate z(y).
-3
Let f(c) = c**3 - 3*c**2 - c + 4. Let w be 0/(3 + -2) + (9 - 6). Give f(w).
1
Let j(v) = -v + 7. Let o(w) be the second derivative of w**3/2 - 2*w**2 + w. Let c be o(3). What is j(c)?
2
Suppose 5*p = -5, 4*d - 14 = 4*p - 6. Let c(x) = -4*x + 7*x**2 + d + x**3 + 0*x**3 + 0*x**3 - 11*x**2. Give c(5).
6
Let d(p) = -2*p - 5. Let c = -57 - -48. Calculate d(c).
13
Let p = 1 + 0. Let w = -1 + p. Let y(s) be the third derivative of -s**4/24 + 4*s**3/3 - 4*s**2. Calculate y(w).
8
Let t = 40 + -46. Let p(s) = s**2 + 5*s - 2. What is p(t)?
4
Let a(f) = -f**2 - 3*f + 1. Let h(c) = -c**2 - 4*c. Let t(n) = 4*a(n) - 5*h(n). What is t(-5)?
-11
Suppose 9*l - 4*l = -10. Let w = 4 + l. Let s(u) = -2*u**2 + 0 + 1 - u**3 - u**2 + 2*u + w*u**2. Give s(-2).
1
Let n be (1/3)/((-2)/(-6)). Let v(r) = -2*r**2 + 14*r**3 - 5 + 4*r**3 - 5*r**2. Let u(j) = -27*j**3 + 10*j**2 + 7. Let t(s) = 5*u(s) + 7*v(s). Give t(n).
-8
Let a(r) = -5*r**2 + 4*r + 4. Let u(w) = 15*w**2 - 11*w - 11. Let f(x) = -8*a(x) - 3*u(x). Give f(-1).
-5
Let w(z) = -z + 3. Suppose -3*a + 0*a + 25 = y, -2*y = -8. Let g = 13 - a. Determine w(g).
-3
Let p(u) be the third derivative of u**6/120 - u**5/20 - u**4/12 + u**3/2 - 16*u**2. What is p(3)?
-3
Let i(n) be the third derivative of -n**6/120 + n**5/12 - 2*n**3/3 + 3*n**2. Let d(o) = 2*o - 1. Let s be d(3). Give i(s).
-4
Suppose 2*z + 13 = -3*r, -4*r - 20 = 4*z + 4. Let m(x) = -x - 6. Determine m(z).
-1
Let s = 7 - -1. Suppose 3*o = -4*n + 3*n - s, -2*n = 3*o + 13. Let d(r) be the third derivative of -r**5/60 - r**4/12 - r**3/6 - 20*r**2. Calculate d(o).
0
Suppose 2*c - 5*c = 0. Let r(l) = -9*l + 22*l - l**2 - 2 - 12*l + 2*l**2. What is r(c)?
-2
Let g be (-1 - 2)*(-1 + 0). Let i(k) = k**g - 3*k**3 - 1 + 0*k**3 + k**2 - k**3. Calculate i(-1).
3
Suppose 0 = -5*z + 4*z. Let m(f) = -f**2 + 4. Let o be m(z). Let y(c) = -8*c**2 - o*c**2 + c**2 + c - 1. Determine y(1).
-11
Let t(i) be the third derivative of 7*i**5/60 - 3*i**4/8 - 2*i**3/3 - 2*i**2. Let w(j) = -6*j**2 + 8*j + 3. Let q(u) = 5*t(u) + 6*w(u). What is q(5)?
-12
Let d(u) = -5*u + 3. Let b(y) = -3*y + 1. Let q(m) = -7*b(m) + 4*d(m). Let a be q(0). Let j(r) = a*r - 5*r + 3 + 2*r. Determine j(-5).
-7
Let q(m) = -13*m - 13. Let w(x) = 25*x + 27. Let r(o) = -7*q(o) - 3*w(o). Let d(v) = -5*v - 3. Suppose -28 = -2*y + 4*y. Let f(j) = y*d(j) - 4*r(j). Give f(-2).
-10
Let h = -50 - -49. Let s(r) = 5*r**2 + 1. Determine s(h).
6
Let g(v) = -v - 2. Suppose -26 = 14*r + 58. What is g(r)?
4
Let f(m) be the first derivative of m**3/3 + 3*m**2 + 3*m + 14. Let q be (2/4)/((-1)/12). Calculate f(q).
3
Let t(l) = l**3 - 7*l**2 + 7*l - 8. Let r = -12 + 9. Let s be (0 - -3)*3 + r. Calculate t(s).
-2
Let d = -15 - -17. Let a(b) = d*b + 6*b**2 - 5*b - 4 + 14*b**3 - 8*b**3 - 7*b**3. Determine a(5).
6
Suppose -10 + 1 = 3*o. Let v(x) = 19*x + 2 + 27*x - 47*x. Determine v(o).
5
Let o(q) = 2*q**3 - 10*q**2 - 11*q - 9. Let p(n) = n**3 + 1. Let f(j) = o(j) - 3*p(j). Calculate f(-9).
6
Let y(j) = j + 1. Let f(i) = -i**2 - 1. Let a(n) = f(n) + 2*y(n). Determine a(-1).
-2
Let z(v) be the third derivative of -v**6/120 + 7*v**5/60 - 7*v**4/24 + 4*v**3/3 + 3*v**2. Let g be z(6). Let s(w) = -3*w + 2. What is s(g)?
-4
Let u(a) be the first derivative of a**4/4 + a**3/3 - 2*a**2 + 3*a - 2. Let d be u(2). Let j(n) = -d + n**2 + 2*n - 4*n + n. Determine j(0).
-7
Let n(q) = q - 7. Let d be n(9). Let k(g) = 0 - 3*g - 3 - d + g**2. Give k(5).
5
Suppose -3*g = 3, 0*n + 5*g + 5 = n. Let j(z) = -z**3 + 21*z**2 - 15*z**2 - 7*z**2 - 2. What is j(n)?
-2
Let d(l) = -l**3 + l**2 + l. Suppose -2*c - 2*c - 3*a + 2 = 0, 0 = 5*c - 2*a - 14. Determine d(c).
-2
Let g(b) = -5*b**2 + 24 + 2*b + b**2 + 2*b**3 - 24. Suppose -x - 2*x - 3*q + 6 = 0, 2*x - 4 = -5*q. Give g(x).
4
Let q = 7 - 9. Let c(o) = 2*o - 1. Give c(q).
-5
Let t = 6 + -1. Let a(i) = 2 + 2*i**2 - t - i + 1 + 3. Give a(-2).
11
Let b(o) = -7*o**3 + 6 + 2*o + 8*o**3 - 2*o**2 + 5*o**2 + o**2. Calculate b(-4).
-2
Let c(t) = 0 + 11 + t - 2 + 2. Give c(-9).
2
Let t be 21/35 + 44/10. Let g(b) = b - 6. Calculate g(t).
-1
Let z be ((-3)/2)/((-3)/4). Suppose 0 = 3*s + 3*d + 6, 5*s = z*s + d + 2. Suppose 5*v - 19 = 4*f - 8*f, -3*f - 2*v + 9 = s. Let j(t) = 5*t - 1. What is j(f)?
4
Let b = 10 - 6. Let a(z) = z**2 - 4*z. Give a(b).
0
Let w(t) = t**3 + 2*t**2 + 2*t + 3. Let s = -2 + -1. What is w(s)?
-12
Let n(c) = 3*c + 3. Let p(k) = k**3 - k - 9. Let h(f) = f**3 - f**2 - 8. Let z(t) = 6*h(t) - 5*p(t). Let a be z(5). Calculate n(a).
-6
Let m(c) = -2*c + 14. Let a be m(6). Let d(k) = 4*k**2 - k - 2*k**2 - 4*k - a - 3*k**2. What is d(-4)?
2
Suppose 20 = -0*l - 5*l. Let i(g) = -3*g**3 - 3*g - 1. Let c(a) = -2*a**3 - a**2 - 2*a - 2. Let t(o) = l*c(o) + 3*i(o). What is t(4)?
1
Let o(i) = i**2 + 5*i**2 + 2*i**2 - 2*i**2. Determine o(-1).
6
Let a(w) = 4*w**3 - 4*w**2 - 4*w + 6. Let k(r) = -7*r**3 + 8*r**2 + 8*r - 12. Let d(h) = -5*a(h) - 3*k(h). Give d(4).
-10
Suppose -13 = c - 17. Let a(v) be the third derivative o